digit of w?
7
Suppose 0 = 49*g + 49*g - 18*g - 1971920. What is the ten thousands digit of g?
2
Let s be 1/(-4) - (-714)/(-56). Let v be 852/(-39) - (-2)/s. Let w = 45 + v. What is the units digit of w?
3
Let f be (-1 + -3053)/(-32 - -33). What is the hundreds digit of (-16)/(-24)*f/(-4)?
5
Let x be ((-272)/(-88))/17 + 35504/22. Let n = 3392 - x. What is the hundreds digit of n?
7
Let y = -4 - -6. Let n(w) = -3240*w + 107. Let o be n(0). Suppose 3*d + y*b - 329 = 0, -2*b - o = -2*d + d. What is the units digit of d?
9
Suppose 232*o - 504 + 1073 = -823. Let u(s) be the second derivative of s**4/4 - 5*s**3/6 + 17*s**2/2 - 2*s. What is the hundreds digit of u(o)?
1
Suppose 4*t + 0*t = 2*g - 32, 5*t + g + 40 = 0. Let i be (-1)/(((-7)/(-84))/(6/t)). Suppose -8 = i*f - 1871. What is the hundreds digit of f?
2
Suppose -4*u - 2*w + 1 = -5, 4*w + 36 = 4*u. Suppose o - 4*t - 476 = 179, 0 = -u*o + t + 2590. What is the units digit of o?
7
Suppose 4*o = 4*x - 36, x = 4*x + 4*o + 8. Suppose -13*p + x = -12*p. Suppose j = p, -l - 3*j = 4*l - 117. What is the tens digit of l?
2
Suppose 0 = -53*x + 47*x - 4584. Let g = 1199 + x. What is the hundreds digit of g?
4
Let d = 306 - 303. Suppose d*x = 2*z - 481, -x + 4 = 3*x. What is the tens digit of z?
4
Let p be 13/3 - (-11)/((-99)/12). Suppose 10*h = 11*h. Suppose -3*x + p*m + 667 - 154 = h, -2*x = 5*m - 370. What is the tens digit of x?
7
Suppose 0 = 11*s + 3*s + 21360 - 227048. What is the thousands digit of s?
4
Suppose 7*u - 4*u = h + 9293, 4*u - 4*h = 12396. Suppose -10489 = -8*z - u. What is the units digit of z?
4
Let n(p) = -5*p + 33. Let t = -59 + 64. Let f be (-7)/1 - -4 - t. What is the tens digit of n(f)?
7
Suppose -22*a + 11*a = -55. Suppose 17*y - a*y = 5124. What is the hundreds digit of y?
4
Suppose -4*q = 2*b - 10022, 0 = -11*q + 6*q - 2*b + 12530. What is the units digit of (q/(-55))/(6/(-100))?
0
Suppose -55*w + 24 = -51*w, 0 = -2*f - 4*w + 20200. What is the units digit of f?
8
Suppose -1285133 - 3204781 = -66*b. What is the thousands digit of b?
8
Suppose -4*a + 15 = -1. Suppose -n - 4*k = 6, 9 = -4*n - 5*k + a*k. What is the tens digit of n/11 - (2709/(-77) - -3)?
3
Let r = 2654 + 12970. Suppose -55*v + r = 7*v. What is the tens digit of v?
5
Let w = -552 - -35. Let c = w - -1810. What is the tens digit of c?
9
Let p be ((-5)/(-2))/(5/4). Suppose 0*v = -v + 5*k + 175, 10 = -p*k. Suppose v = 5*j - 280. What is the units digit of j?
6
Let j(o) = o**3 - 14*o**2 - 33*o + 9. Let r be j(16). Let y be (-4)/r - -218*(-12)/21. Let u = 144 + y. What is the tens digit of u?
2
Let w = 28 - -17. Suppose -40*a - 35 = -w*a. Let q(s) = 2*s**2 + 4*s - 11. What is the hundreds digit of q(a)?
1
Let h = -1546 + 1575. Suppose -2*n + 112 = -n. Suppose y - h = n. What is the units digit of y?
1
Let c(k) = -10*k**3 - k**2 + 1. Let o be c(-1). Suppose -o*i + 8*i + 6 = 0. Let b = 133 + i. What is the units digit of b?
6
What is the thousands digit of 62413*(12/8 - 2)/(17/(-34))?
2
Let c = 215 + -133. Let i = 186 - c. What is the units digit of i*((-10)/4 + 4)?
6
Let q(u) = 8*u**2 - 60*u + 245. What is the hundreds digit of q(24)?
4
Let a be 688 + (7 - (-24)/(-6)). Let k = a - 84. What is the hundreds digit of k?
6
Let n(t) = -2550*t**3 + 5*t**2 - 40*t - 98. What is the units digit of n(-3)?
7
Suppose -17*r = 5*v - 16*r - 93499, -4*v + 2*r = -74788. What is the hundreds digit of v?
6
Suppose -246*m = 26*m - 13662236 + 4181676. What is the thousands digit of m?
4
Let m = -829 + 881. What is the units digit of m/(-6)*(-46 + -5)?
2
Let p be ((-154132)/93)/((-2)/6). Suppose 20*c = -p + 19952. What is the tens digit of c?
4
Suppose 12*g - 4856 + 332 = 0. Let t = g + -86. What is the units digit of t?
1
Let s(x) = -9*x**2 + 15*x - 9. Let i(c) = 5*c**2 - 7*c + 13*c**2 + 7*c**2 + 4 - 21*c**2. Let u(v) = 5*i(v) + 2*s(v). What is the units digit of u(-6)?
4
Let j(u) be the first derivative of 13 - 1/3*u**3 - 15/2*u**2 - 15*u. What is the tens digit of j(-13)?
1
Let m(h) = h**3 - 5*h**2 - 14*h + 8. Let g be m(9). Suppose g = -3*s + 4*s. What is the hundreds digit of s?
2
Suppose -62841 + 13766 = -2*u + p, 4*p = -4*u + 98156. What is the hundreds digit of u?
5
Suppose -4*t = t + 2*k - 16, 4*k + 20 = 3*t. Let i(q) = 253*q - 129. What is the hundreds digit of i(t)?
8
Let k(n) = -39*n**3 + 12*n**2 - 46*n - 131. What is the hundreds digit of k(-5)?
2
Suppose 13325 = 2*t - 5*v - 4338, -5*t + 44240 = 4*v. What is the thousands digit of t?
8
Suppose 26*f - 28*f + 956 = 0. What is the units digit of f/(-7 - -5)*-5?
5
Suppose -28*p + 41513 = -54051. What is the units digit of p?
3
Suppose -f - 2*b + 243 = -0*b, 0 = 4*f - b - 981. Suppose v - 2*v = 3*y - f, 5*v - 1183 = -y. What is the hundreds digit of v?
2
Let b = -11092 + 36928. What is the tens digit of b?
3
Let q = 143 - 45. Let k = q + -29. What is the tens digit of k?
6
Suppose 4*c = -3*n + 8*c + 22913, -5*c + 7644 = n. What is the units digit of n?
9
Suppose 0*t = 5*t - 10. Suppose 5*g = 5*o + 575, 4*o = -t*g - g + 317. What is the units digit of g?
1
Let y(z) = 734*z - 2861. What is the thousands digit of y(43)?
8
Let x = -6501 - -43535. What is the hundreds digit of x?
0
What is the hundreds digit of (-1)/(-2)*3 - (933827/(-34) - -6)?
4
Let h = -38 - -42. Suppose -8*w + 4*w - a = -202, 2*a + 196 = h*w. What is the tens digit of w?
5
Let x = -35927 + 52231. What is the units digit of x?
4
Let y = 42239 + -29684. What is the units digit of y?
5
Let s = 15679 + -3198. What is the tens digit of s?
8
Let w(x) = -25*x - 193. What is the units digit of w(-15)?
2
What is the thousands digit of -115683*((-572)/78 - (-7)/1)?
8
Let f = 75 + -63. Suppose 0 = -5*h + 9*h - f. Suppose h*d = 2*k - 92, 7*k - 184 = 3*k - d. What is the units digit of k?
6
Let g(w) be the third derivative of w**6/120 + w**5/12 - w**4/6 - 5*w**3/6 + 5*w**2. Let h be 21/(-4) + (-14)/(-56). What is the tens digit of g(h)?
1
Suppose -116 = -4*r + b, -4*b = -0*b + 16. Suppose -28 = -4*q - r. Suppose q = -3*o + 15, -4*k + 5*o - 45 + 664 = 0. What is the units digit of k?
1
Let k(r) = -85*r + 113. Let h(l) = -6*l**3 + 2*l**2 - 6*l + 5. Let f be h(1). What is the hundreds digit of k(f)?
5
What is the thousands digit of (-496881)/(-66) + 39/6?
7
Let q(s) = s**3 - 16*s**2 + s - 13. Let r be q(16). Let g(j) = -j + 1. Let w(p) = -2*p. Let o(x) = r*g(x) - w(x). What is the units digit of o(-12)?
5
Suppose -9*l + 6979 = -16*l. Let q = l - -1562. What is the units digit of q?
5
Let q(o) = o**3 - 6*o**2 + 5*o - 12. Let c be q(6). Suppose 20*u - c*u + 6 = 0. What is the tens digit of (-14 - -21) + 1*u - -205?
0
Suppose 15190 = -88*c + 95*c. Suppose c = 3*y - 4*l - 1237, 2*y = 2*l + 2270. What is the tens digit of y?
3
Let s = 11 - 2. Let h = -31 + 30. What is the units digit of (16 + h)*(-5 + s)?
0
Let m = 31 + -11. Let r be -4 - 1/((-5)/m). Suppose -62*k + 58*k + 352 = r. What is the tens digit of k?
8
Suppose 108 = 40*r - 31*r. Suppose r*b = -6*b + 4266. What is the tens digit of b?
3
Suppose 42*i + 303629 = 437505 + 1290680. What is the thousands digit of i?
3
Let q = -21812 + 40250. What is the tens digit of q?
3
Let f(v) = 107*v - 927. Let p be f(9). Let g be (1 - 1)/(-1) + 2. Suppose -g*t = -70 - p. What is the tens digit of t?
5
Let o(c) = -50*c + 3. Suppose 3*a + 4*u - 21 = -0, 2*u = 4*a - 50. Suppose -3*g + 9 = 4*w, -a = 3*g - 4*g - 4*w. What is the tens digit of o(g)?
5
Let r be 2 + (-7 - -6) - -1. What is the hundreds digit of 83/((-6 + r)/(-12))?
2
Let s = -772 - -1850. What is the tens digit of s?
7
Suppose 0 = 6*u + 4*u - 20. Suppose 934 = 3*j - 3*x - u, 4*x = -16. What is the hundreds digit of j?
3
Suppose -8*k - 47*z + 126878 = -45*z, 0 = -4*k + 3*z + 63443. What is the hundreds digit of k?
8
Suppose v = -29*y + 31*y - 22712, -22736 = -2*y + 5*v. What is the hundreds digit of y?
3
Suppose -4*j + 21784 = -v, 0 = -2*j - 5*v + 2*v + 10892. What is the thousands digit of j?
5
Let d = 89344 + -35138. What is the thousands digit of d?
4
Let o(w) = 4*w**2 - 2 + 2*w**2 - w**3 - 11*w + 10*w**2. Let c be 10 - ((-12)/(-30))/(8/(-100)). What is the tens digit of o(c)?
5
Suppose 13016 = 3*o + 21*y - 22*y, o = y + 4336. Suppose -125*x = -120*x - o. What is the units digit of x?
8
Suppose -8 = -10*q + 2. What is the hundred